 - 5*y + 3. Calculate r(z).
-3
Suppose 8*h = -3 + 19. Let w(c) = c**2 - 4*c + 2. What is w(h)?
-2
Let b = 67/24 + -21/8. Let d(y) be the third derivative of -b*y**3 + 0*y + 0 - 1/20*y**5 - 1/120*y**6 + 1/12*y**4 + y**2. Give d(-3).
-7
Let n(x) = -x**3 + 11*x**2 - 11*x + 13. Let g be n(10). Let l be (4/g)/(2/3). Suppose 2*a - 8 = -l*a. Let d(z) = -6*z + 2. Give d(a).
-10
Let t = 7 - 1. Let s(n) = n**3 - 6*n**2 + 4*n - 6. Determine s(t).
18
Let q(f) = 2 - 3 + 3 + f. Determine q(5).
7
Let x be 0/(-3)*3/(-6). Let g(j) = -8*j**2 + 7*j**2 + 4 + 3*j + x*j - 4*j. What is g(0)?
4
Let l be 16/88 - 53/(-11). Let w = l - 6. Let q(i) = -4*i + 1. What is q(w)?
5
Suppose -4*k + 4 = 2*h, h - 2 = -3*k - h. Let g(n) = -4*n + 1 + n**k + 3*n + 2. What is g(0)?
3
Let h(b) = 14*b**2 - 11*b - 13. Let z(s) = -7*s**2 + 6*s + 7. Let k(w) = -w**3 + 4*w**2 + 7*w + 1. Let u be k(5). Let l(a) = u*z(a) + 6*h(a). Calculate l(-1).
6
Let g be (-4 - (-45)/10)*-14. Let u(o) = o**2 + 6*o + 3. Give u(g).
10
Let m be (-2 + (-1)/(-1))*2. Let j be -2 - (2 + -2) - -3. Let r(g) = 2*g + 3*g**2 - 4*g**2 - g + j + 0*g. Give r(m).
-5
Let x(q) = 8*q**2 + 3. Let n(r) be the first derivative of -4*r**3/3 - r - 7. Let v(b) = 5*n(b) + 2*x(b). Give v(-1).
-3
Let j(s) = -s**3 + 4*s**2 - 4*s - 1. Let r(v) = v**3 - 4*v**2 + 3*v + 2. Let n(q) = -2*j(q) - 3*r(q). Give n(3).
2
Let y = -6 + 3. Let u(f) = -f**3 - 3*f**2 + f - 5. Let h(o) = -o**3 - 3*o**2 + o - 5. Let z(d) = y*u(d) + 2*h(d). Determine z(-4).
-7
Suppose 0 = -3*o + 5*o + d - 5, -3*o - 4*d = 5. Let h(p) = p - 2 - 5 + 0 + 0. Determine h(o).
-2
Let q(f) = f**2 - 5*f + 2. Suppose -2*j + 10 = 3*j. Suppose g - j + 0 = 0. Determine q(g).
-4
Let k(y) = -4*y**2 + y**3 - y + 2*y**2 + 3 - 2. Let t(c) = -c + 3. Let x be t(1). What is k(x)?
-1
Let c(b) be the first derivative of -b**4/4 + 7*b**3/3 - 3*b**2/2 + 7*b - 17. What is c(7)?
-14
Let t(f) be the second derivative of 0 - 2*f**2 + 3*f + 1/6*f**3. What is t(0)?
-4
Let u(s) = -s**2 + 0*s**2 + 1 + 3*s - 2*s. Let a = -70 + 68. Calculate u(a).
-5
Let h(v) = v + 1. Let y(a) = a**3 - 2*a + 1. Suppose -2*g + 3*s = -10, -7*g - 2*s = -2*g - 6. Let w be y(g). Let x be 1 + -4 + -5 + w. Calculate h(x).
-2
Suppose -z = -6*z + 25. Suppose 3*h = 2*h - 5, -z*h - 27 = f. Let i(a) be the first derivative of -a**3/3 - a - 1. Calculate i(f).
-5
Let k be 3/(-10)*(-15)/36. Let y(i) be the third derivative of 1/10*i**5 - k*i**4 + 0 + 0*i - 7/6*i**3 + 2*i**2 - 1/120*i**6. Give y(5).
3
Let y(m) = 2*m**3 + 5*m**2 + m - 3. Let q = 38 - 41. What is y(q)?
-15
Suppose 4 = -3*v - w, -v + 4*w + 16 = 2*v. Suppose -4*q = -2 - 2. Suppose v = d - 0*d + q. Let b(z) = 2*z - 1. Calculate b(d).
-3
Let a(j) = j**3 + 5. Let n(t) be the second derivative of -t**5/20 + 3*t**4/4 - 7*t**3/6 - 4*t**2 - 3*t. Let k be n(8). What is a(k)?
5
Let y be 133/63 - 1/9. Let j(q) = 10*q**2 + 5*q**y - 14*q**2 - 4 - q + 3*q. What is j(-4)?
4
Suppose r - 22 = 5*s, r - 2*s - 3 - 7 = 0. Suppose -d = r*d - 12. Let k(a) = -a**2 + 4*a - 2. What is k(d)?
-2
Let a(t) = t**2 - 8*t + 3. Let p be a(6). Let d(z) = -z**3 - 8*z**2 + 10*z + 10. Let g be d(p). Let h(l) = -2*l - 1. Give h(g).
-3
Suppose -5*f + 9 = 2*d - 6*d, -d - 3*f + 19 = 0. Let c be d/(-20) - 6/(-5). Suppose i = -1 - c. Let p(z) = z - 2. Give p(i).
-4
Let j(u) be the first derivative of u**3/3 + 7*u**2/2 + 9*u + 1. Let h be j(-6). Let q be 8/(1 - h) - 1. Let o(g) = -g**2 - 4*g - 1. What is o(q)?
-6
Let l(j) = -j - 9. Let y(u) be the first derivative of -2*u + 1. Let c(i) = 2*l(i) - 9*y(i). Let b be ((-2)/(-3))/((-2)/(-3)). Give c(b).
-2
Let o(x) = -3*x**2 + 1 - x**2 + 2*x**2 + x**2. Let u be o(0). Let m(l) = 0 - l + u - 2*l. Calculate m(4).
-11
Let o(b) = 32*b**3 + 2*b**2 - 11*b - 9. Let z(m) = -16*m**3 - m**2 + 5*m + 4. Let y(c) = 4*o(c) + 9*z(c). Determine y(1).
-16
Let j = 239 + -4779/20. Let f(n) be the second derivative of j*n**5 + 0 - 5/6*n**3 + 3*n**2 - 3*n + 5/12*n**4. Give f(-6).
0
Let y(m) be the first derivative of m**3/3 + m**2 + 3*m + 5. Let f(s) be the first derivative of y(s). Calculate f(-2).
-2
Let o = -9 - -3. Let n(g) = -g + 2. Determine n(o).
8
Let n be (0 - 1)/(5/(-15)). Let z(c) = 2*c - 3*c**3 + 4*c + 2*c**n - 3 - 2*c + c**2. What is z(2)?
1
Let s(b) = -2*b + 6. Let k be s(4). Let a = k + 4. Let r(m) = -6*m + 2*m + 1 + 0*m**2 + a*m - m**2. Determine r(1).
-2
Let b(z) = -8*z**2 + z - 20 - z**3 + 8 + z + 2*z**3. Give b(8).
4
Let w(d) = -d**2 + 6*d + 2. Let c be w(6). Suppose 0 = 2*g - c - 2. Let p(r) = r**2 - 4*r + 3. Calculate p(g).
-1
Let h(v) = -v**2 - 3*v + 8. Let t be (-8)/14 - (-152)/(-28). Give h(t).
-10
Let a(u) be the third derivative of u**5/60 + 3*u**4/8 + 7*u**3/6 + 14*u**2. Determine a(-9).
7
Let x(w) = w**2 + 6*w - 5. Let d = 50 + -57. What is x(d)?
2
Let p(c) = c**3 + c**2 - 3*c - 1. Let f be (-287)/91 - (-4)/26. Calculate p(f).
-10
Let b be -6*12/9*2/4. Let j(x) = x**2 + 3*x - 2. Let q(z) = z**2 + 3*z - 2. Let g(o) = -4*j(o) + 3*q(o). Determine g(b).
-2
Let a(n) = 3 + 3*n - n**3 + 177*n**2 - 3*n - 186*n**2. What is a(-9)?
3
Let p(n) = -2*n**2 + n**2 - 2 + 6. What is p(-4)?
-12
Let c(p) = 2*p - 17. Let d(x) = -x**2 - 7*x + 1. Let o be d(-6). Let a be c(o). Let i(b) = b**2 + 7*b + 4. Give i(a).
-8
Let i(l) be the second derivative of -l**4/24 - 3*l**2/2 - l. Let t(g) be the first derivative of i(g). Give t(-3).
3
Let i(n) = -3*n + 7. Let r(c) = c**2 - 5*c + 5. Let l be r(5). Calculate i(l).
-8
Let m = 0 - -2. Let l(r) = r + 0*r**2 + r**2 + 4*r**m. Suppose -3*c - 5 = -2. Give l(c).
4
Let j(q) = 3*q. Let u(r) = -4*r - 1. Let a(l) = -6*j(l) - 5*u(l). Suppose -4*i = i + 25. Calculate a(i).
-5
Let v(u) be the third derivative of -u**6/120 - u**5/20 + u**4/12 + 2*u**3/3 - 5*u**2. Calculate v(-3).
-2
Let g(n) = -n**2 - 4*n - 3. Let d(v) = -3*v + 8. Let x be d(6). Let p be ((-8)/x + 0)*-5. Give g(p).
-3
Let o(u) be the second derivative of -u**5/20 + u**4/6 + u**3/3 - 2*u**2 - u. Let b be ((-30)/(-21) + -1)*7. Determine o(b).
-7
Let k(l) = l - 5. Let n(h) = h - 6. Let v(o) = 5*k(o) - 4*n(o). Let b = -7 + 14. Suppose 2*i + 5*r = 19, 0 = -2*i + 7*i - r - b. Determine v(i).
1
Let r be 4 - (3 + -5 + 3). Suppose 10 = 2*l + r*b, -2*l + 5*b - 4 = -14. Let i(z) = -z**2 + 7*z - 2. Give i(l).
8
Let j be 0/(2*-1 - (-3)/1). Let q(v) be the second derivative of j - 3*v - 1/6*v**3 - v**2. Determine q(-5).
3
Let v be ((-12)/(-8))/(2/4). Suppose v*k + 0 = -12. Let i(f) = -f**2 - 5*f + 2. Give i(k).
6
Let u be -4 + 20/4*1. Let m(x) = -8*x - 1. Give m(u).
-9
Let d(l) = l - 5. Let r(w) = -w**2 - 1. Let v be r(2). What is d(v)?
-10
Let n(t) = t**3 + 3*t**2 - 3*t. Let z(v) = -v**3 - 3*v**2 + 2. Let j be z(-3). Suppose -5*f - 12 = -4*b, 2*f - j*b + 0 = -4. What is n(f)?
-4
Let y(x) = -2*x**2 + 9*x + 6. Let i(b) = -b**2 + 4*b + 3. Let l(j) = -5*i(j) + 2*y(j). Let k be l(4). Let t(f) = -2*f + 2. What is t(k)?
-8
Let m(u) = -u. Let x be m(-2). Suppose -j + 6 = z, -z - 18 = -x*z - 4*j. Let h(t) = t**2 + 5 - 1 - z + 6. Calculate h(0).
8
Let u(t) = -7*t. Let l be u(-1). Let d(a) = -a**2 + 6*a + 9. Let r(b) = -3*b - 4. Let j(i) = l*r(i) + 3*d(i). Let m = 26 - 28. What is j(m)?
-7
Let c(t) = 3*t - 4. Let a be ((-2)/4)/((-2)/12). Let y = a + 0. Give c(y).
5
Let z(c) be the third derivative of 0*c + 0*c**3 + c**2 - 1/24*c**4 - 1/30*c**5 + 0. Let h be 1 - 4 - (-7 + 3). Give z(h).
-3
Let z(w) = w**3 + 4*w**2 + 3*w - 1. Let u be z(-3). Let m(y) = 3*y - 1 + 5*y - 5*y. Determine m(u).
-4
Let w(j) be the first derivative of -j**2 + 3*j - 26. Calculate w(3).
-3
Let j(a) = a**2 - 3*a - 13. Let v be j(-3). Let p(l) = -l**3 + 4*l**2 + 4*l - 2. What is p(v)?
-7
Suppose 0 = q - 3*q + 8. Let a(j) = -j**2 + 4*j - 6. Give a(q).
-6
Let q be (-1)/(3 - (2 - 0)). Let a(k) = 15*k**3 - k**2 + 1. Determine a(q).
-15
Suppose 3*d = -6, 4 = r - 2*d - 0*d. Let z(i) = r*i - 3 - i - 6*i**2 + 3*i + 4*i**3 - 3*i**3. Calculate z(6).
9
Suppose -v + 2*g = -4, 13 = v - 2*g + 3*g. Let n = v - 4. Let x(p) = p**3 - 6*p**2 + 2*p - 9. What is x(n)?
3
Let p(w) = 2*w + 6. Let u(c) = c**3 - 3*c**2 + 2*c - 4. Let z be u(4). Suppose -8 = -x + j + 2, -2*x = 3*j - z. Suppose -q - x = q. Determine p(q).
-4
Let u(d) = 2*d - 8*d**2 + d**3 - 8*d**2 + 28*d**2 + 18. Give u(-12).
-6
Let m(o) = -10*o - 15*o + 20*o. Calculate m(1).
-5
Let b(a) = 1 + 2*a**2 +